{"id":111,"date":"2018-12-28T12:07:31","date_gmt":"2018-12-28T11:07:31","guid":{"rendered":"https:\/\/pvz.sk\/?page_id=111"},"modified":"2021-05-10T20:01:16","modified_gmt":"2021-05-10T18:01:16","slug":"teamviewer-13","status":"publish","type":"page","link":"https:\/\/pvz.sk\/?page_id=111","title":{"rendered":"TeamViewer"},"content":{"rendered":"\n<div class=\"wp-block-image\"><figure class=\"aligncenter size-large\"><img loading=\"lazy\" decoding=\"async\" width=\"200\" height=\"45\" src=\"https:\/\/pvz.sk\/wp-content\/uploads\/2021\/05\/logo-teamviewer.png\" alt=\"TeamViewer\" class=\"wp-image-3961\" srcset=\"https:\/\/pvz.sk\/wp-content\/uploads\/2021\/05\/logo-teamviewer.png 200w, https:\/\/pvz.sk\/wp-content\/uploads\/2021\/05\/logo-teamviewer-100x23.png 100w\" sizes=\"auto, (max-width: 200px) 100vw, 200px\" \/><\/figure><\/div>\n\n\n\n<p class=\"has-text-align-center\">Ak potrebujete pomoc, stiahnite si aplik\u00e1ciu po ktorej spusten\u00ed V\u00e1m bude vygenerovan\u00fd unik\u00e1tny ID k\u00f3d a heslo pomocou ktor\u00fdch je mo\u017en\u00e9 sa pripoji\u0165 vzdialene na Va\u0161e zariadenie. <\/p>\n\n\n\n<div style=\"height:35px\" aria-hidden=\"true\" class=\"wp-block-spacer\"><\/div>\n\n\n\n<div id=\"wp-block-themeisle-blocks-button-group-4af51244\" class=\"wp-block-themeisle-blocks-button-group wp-block-buttons align-center\"><\/div>\n\n\n\n<div class=\"wp-block-buttons is-content-justification-center is-layout-flex wp-block-buttons-is-layout-flex\">\n<div class=\"wp-block-button is-style-fill\"><a class=\"wp-block-button__link has-white-color has-luminous-vivid-amber-background-color has-text-color has-background\" href=\"https:\/\/download.teamviewer.com\/download\/TeamViewerQS.exe\">Stiahnu\u0165 QuickSupport<\/a><\/div>\n<\/div>\n\n\n\n<p><\/p>\n","protected":false},"excerpt":{"rendered":"<p>Ak potrebujete pomoc, stiahnite si aplik\u00e1ciu po ktorej spusten\u00ed V\u00e1m bude vygenerovan\u00fd unik\u00e1tny ID k\u00f3d a heslo pomocou ktor\u00fdch je mo\u017en\u00e9 sa pripoji\u0165 vzdialene na Va\u0161e zariadenie.<\/p>\n","protected":false},"author":1,"featured_media":0,"parent":0,"menu_order":0,"comment_status":"closed","ping_status":"closed","template":"","meta":{"_monsterinsights_skip_tracking":false,"_monsterinsights_sitenote_active":false,"_monsterinsights_sitenote_note":"","_monsterinsights_sitenote_category":0,"footnotes":""},"class_list":["post-111","page","type-page","status-publish","hentry"],"_links":{"self":[{"href":"https:\/\/pvz.sk\/index.php?rest_route=\/wp\/v2\/pages\/111","targetHints":{"allow":["GET"]}}],"collection":[{"href":"https:\/\/pvz.sk\/index.php?rest_route=\/wp\/v2\/pages"}],"about":[{"href":"https:\/\/pvz.sk\/index.php?rest_route=\/wp\/v2\/types\/page"}],"author":[{"embeddable":true,"href":"https:\/\/pvz.sk\/index.php?rest_route=\/wp\/v2\/users\/1"}],"replies":[{"embeddable":true,"href":"https:\/\/pvz.sk\/index.php?rest_route=%2Fwp%2Fv2%2Fcomments&post=111"}],"version-history":[{"count":7,"href":"https:\/\/pvz.sk\/index.php?rest_route=\/wp\/v2\/pages\/111\/revisions"}],"predecessor-version":[{"id":4069,"href":"https:\/\/pvz.sk\/index.php?rest_route=\/wp\/v2\/pages\/111\/revisions\/4069"}],"wp:attachment":[{"href":"https:\/\/pvz.sk\/index.php?rest_route=%2Fwp%2Fv2%2Fmedia&parent=111"}],"curies":[{"name":"wp","href":"https:\/\/api.w.org\/{rel}","templated":true}]}}