{"id":169,"date":"2019-01-05T17:37:01","date_gmt":"2019-01-05T16:37:01","guid":{"rendered":"https:\/\/pvz.sk\/?page_id=169"},"modified":"2019-02-12T17:44:20","modified_gmt":"2019-02-12T16:44:20","slug":"ponukane-sluzby","status":"publish","type":"page","link":"https:\/\/pvz.sk\/?page_id=169","title":{"rendered":"Slu\u017eby"},"content":{"rendered":"\n<h5 class=\"wp-block-heading\" style=\"text-align:center\">Syst\u00e9mov\u00e1 a technick\u00e1 podpora <\/h5>\n\n\n\n<p>Pon\u00fakam svojim z\u00e1kazn\u00edkom sk\u00fasenosti a znalosti, ktor\u00e9 s\u00fa neust\u00e1le aktualizovan\u00e9 v\u010faka akt\u00edvnemu dop\u013a\u0148aniu si inform\u00e1ci\u00ed v oblasti informa\u010dn\u00fdch technol\u00f3gi\u00ed, preto sa m\u00f4\u017eete efekt\u00edvnej\u0161ie venova\u0165 va\u0161im \u010dinnostiam a vytv\u00e1ra\u0165 tak v\u00e4\u010d\u0161iu expanziu vo va\u0161om odvetv\u00ed bez zbyto\u010dn\u00fdch n\u00e1kladov a straty \u010dasu.  <\/p>\n\n\n\n<p>Pri outsourcingu nemus\u00edte vynaklada\u0165 prostriedky na prev\u00e1dzku oddelenia informa\u010dn\u00fdch technol\u00f3gi\u00ed, a pritom ho m\u00f4\u017eete plnohodnotne vyu\u017e\u00edva\u0165. Nemus\u00edte investova\u0165 do vzdel\u00e1vania \u010di udr\u017eania \u00farovne \u0161pecialistu, no pritom ho m\u00e1te k dispoz\u00edcii pod\u013ea potreby.\u00a0<\/p>\n\n\n\n<div style=\"height:50px\" aria-hidden=\"true\" class=\"wp-block-spacer\"><\/div>\n\n\n\n<h5 class=\"wp-block-heading\" style=\"text-align:center\">Vzdialen\u00e1 spr\u00e1va a monitoring<\/h5>\n\n\n\n<p>Monitoring je neoddelite\u013en\u00fdm n\u00e1strojom na poskytovanie kvalitn\u00fdch slu\u017eieb v oblasti informa\u010dn\u00fdch technol\u00f3gi\u00ed. Pravideln\u00fdm doh\u013eadom nad va\u0161imi technol\u00f3giami viem pred\u00eds\u0165 mo\u017en\u00fdm probl\u00e9mom, bez toho, aby ste to v\u00f4bec zaregistrovali, odstr\u00e1nim vzniknut\u00e9 rizikov\u00e9 situ\u00e1cie. Vzdialen\u00e1 spr\u00e1va k tomu v\u0161etk\u00e9mu napom\u00e1ha a ak ma po\u017eiadate o ur\u00fdchlen\u00fa zmenu v nastaven\u00ed syst\u00e9mu, moja reakcia je okam\u017eit\u00e1.&nbsp;<\/p>\n\n\n\n<p>M\u00f4j 24\/7 servis pon\u00faka:<\/p>\n\n\n\n<ul class=\"wp-block-list\"><li>konzult\u00e1cie a poradenstvo<\/li><li>vzdialen\u00e9 servisn\u00e9 z\u00e1sahy &#8211; okam\u017eite<\/li><li>osobn\u00e9 servisn\u00e9 z\u00e1sahy &#8211; do 3 hod\u00edn od nahl\u00e1senia<\/li><li>pravideln\u00fa kontrolu syst\u00e9mu<\/li><li>predch\u00e1dzanie vzniku servisn\u00fdch pr\u00edpadov<\/li><li>aktualiz\u00e1ciu softv\u00e9ru a hardv\u00e9ru<\/li><li>vzdialen\u00fa spr\u00e1vu a doh\u013ead nad syst\u00e9mov\u00fdmi prostriedkami<\/li><\/ul>\n","protected":false},"excerpt":{"rendered":"<p>Syst\u00e9mov\u00e1 a technick\u00e1 podpora Pon\u00fakam svojim z\u00e1kazn\u00edkom sk\u00fasenosti a znalosti, ktor\u00e9 s\u00fa neust\u00e1le aktualizovan\u00e9 v\u010faka akt\u00edvnemu dop\u013a\u0148aniu si inform\u00e1ci\u00ed v oblasti informa\u010dn\u00fdch technol\u00f3gi\u00ed, preto sa m\u00f4\u017eete efekt\u00edvnej\u0161ie venova\u0165 va\u0161im \u010dinnostiam a vytv\u00e1ra\u0165 tak v\u00e4\u010d\u0161iu expanziu vo va\u0161om odvetv\u00ed bez zbyto\u010dn\u00fdch n\u00e1kladov a straty \u010dasu. Pri outsourcingu nemus\u00edte vynaklada\u0165 prostriedky na prev\u00e1dzku oddelenia informa\u010dn\u00fdch technol\u00f3gi\u00ed, a [&hellip;]<\/p>\n","protected":false},"author":1,"featured_media":0,"parent":0,"menu_order":0,"comment_status":"closed","ping_status":"closed","template":"","meta":{"_monsterinsights_skip_tracking":false,"_monsterinsights_sitenote_active":false,"_monsterinsights_sitenote_note":"","_monsterinsights_sitenote_category":0,"footnotes":""},"class_list":["post-169","page","type-page","status-publish","hentry"],"_links":{"self":[{"href":"https:\/\/pvz.sk\/index.php?rest_route=\/wp\/v2\/pages\/169","targetHints":{"allow":["GET"]}}],"collection":[{"href":"https:\/\/pvz.sk\/index.php?rest_route=\/wp\/v2\/pages"}],"about":[{"href":"https:\/\/pvz.sk\/index.php?rest_route=\/wp\/v2\/types\/page"}],"author":[{"embeddable":true,"href":"https:\/\/pvz.sk\/index.php?rest_route=\/wp\/v2\/users\/1"}],"replies":[{"embeddable":true,"href":"https:\/\/pvz.sk\/index.php?rest_route=%2Fwp%2Fv2%2Fcomments&post=169"}],"version-history":[{"count":5,"href":"https:\/\/pvz.sk\/index.php?rest_route=\/wp\/v2\/pages\/169\/revisions"}],"predecessor-version":[{"id":408,"href":"https:\/\/pvz.sk\/index.php?rest_route=\/wp\/v2\/pages\/169\/revisions\/408"}],"wp:attachment":[{"href":"https:\/\/pvz.sk\/index.php?rest_route=%2Fwp%2Fv2%2Fmedia&parent=169"}],"curies":[{"name":"wp","href":"https:\/\/api.w.org\/{rel}","templated":true}]}}