{"id":181,"date":"2019-01-05T17:53:04","date_gmt":"2019-01-05T16:53:04","guid":{"rendered":"https:\/\/pvz.sk\/?page_id=181"},"modified":"2019-11-16T19:48:29","modified_gmt":"2019-11-16T18:48:29","slug":"realizovane-projekty","status":"publish","type":"page","link":"https:\/\/pvz.sk\/?page_id=181","title":{"rendered":"Projekty"},"content":{"rendered":"\n<div class=\"wp-block-image\"><figure class=\"aligncenter\"><img loading=\"lazy\" decoding=\"async\" width=\"150\" height=\"36\" src=\"https:\/\/pvz.sk\/wp-content\/uploads\/2019\/02\/orava.jpg\" alt=\"ORAVA\" class=\"wp-image-279\" srcset=\"https:\/\/pvz.sk\/wp-content\/uploads\/2019\/02\/orava.jpg 150w, https:\/\/pvz.sk\/wp-content\/uploads\/2019\/02\/orava-100x24.jpg 100w\" sizes=\"auto, (max-width: 150px) 100vw, 150px\" \/><\/figure><\/div>\n\n\n\n<figure class=\"wp-block-gallery columns-2 is-cropped alignright wp-block-gallery-1 is-layout-flex wp-block-gallery-is-layout-flex\"><ul class=\"blocks-gallery-grid\"><li class=\"blocks-gallery-item\"><figure><img loading=\"lazy\" decoding=\"async\" width=\"400\" height=\"300\" src=\"https:\/\/pvz.sk\/wp-content\/uploads\/2019\/02\/orava_a-3.jpg\" alt=\"\" data-id=\"328\" data-link=\"https:\/\/pvz.sk\/?attachment_id=328\" class=\"wp-image-328\" srcset=\"https:\/\/pvz.sk\/wp-content\/uploads\/2019\/02\/orava_a-3.jpg 400w, https:\/\/pvz.sk\/wp-content\/uploads\/2019\/02\/orava_a-3-300x225.jpg 300w, https:\/\/pvz.sk\/wp-content\/uploads\/2019\/02\/orava_a-3-100x75.jpg 100w, https:\/\/pvz.sk\/wp-content\/uploads\/2019\/02\/orava_a-3-275x206.jpg 275w\" sizes=\"auto, (max-width: 400px) 100vw, 400px\" \/><\/figure><\/li><li class=\"blocks-gallery-item\"><figure><img loading=\"lazy\" decoding=\"async\" width=\"400\" height=\"300\" src=\"https:\/\/pvz.sk\/wp-content\/uploads\/2019\/02\/orava_b-2.jpg\" alt=\"\" data-id=\"329\" data-link=\"https:\/\/pvz.sk\/?attachment_id=329\" class=\"wp-image-329\" srcset=\"https:\/\/pvz.sk\/wp-content\/uploads\/2019\/02\/orava_b-2.jpg 400w, https:\/\/pvz.sk\/wp-content\/uploads\/2019\/02\/orava_b-2-300x225.jpg 300w, https:\/\/pvz.sk\/wp-content\/uploads\/2019\/02\/orava_b-2-100x75.jpg 100w, https:\/\/pvz.sk\/wp-content\/uploads\/2019\/02\/orava_b-2-275x206.jpg 275w\" sizes=\"auto, (max-width: 400px) 100vw, 400px\" \/><\/figure><\/li><\/ul><\/figure>\n\n\n\n<p>Pre klienta zaoberaj\u00facim sa predajom elektroniky bola realizovan\u00e1 kompletn\u00e1 IT vybavenos\u0165 maloobchodnej predajne (dod\u00e1vka PC, tla\u010diarn\u00ed, kamerov\u00e9ho syst\u00e9mu), vr\u00e1tane \u0161trukt\u00farovanej kabel\u00e1\u017ee, zabezpe\u010denia internetov\u00e9ho pripojenia a vybudovanie wifi siete pre z\u00e1kazn\u00edkov. Samozrejmos\u0165ou bol n\u00e1sledn\u00fd servis IT vybavenia.<\/p>\n\n\n\n<hr class=\"wp-block-separator is-style-wide\"\/>\n\n\n\n<div class=\"wp-block-image\"><figure class=\"aligncenter\"><img loading=\"lazy\" decoding=\"async\" width=\"92\" height=\"38\" src=\"https:\/\/pvz.sk\/wp-content\/uploads\/2019\/02\/proma.jpg\" alt=\"PROMA\" class=\"wp-image-280\"\/><\/figure><\/div>\n\n\n\n<figure class=\"wp-block-gallery columns-1 is-cropped alignright wp-block-gallery-2 is-layout-flex wp-block-gallery-is-layout-flex\"><ul class=\"blocks-gallery-grid\"><li class=\"blocks-gallery-item\"><figure><img loading=\"lazy\" decoding=\"async\" width=\"512\" height=\"384\" src=\"https:\/\/pvz.sk\/wp-content\/uploads\/2019\/02\/proma_b.jpg\" alt=\"\" data-id=\"371\" data-link=\"https:\/\/pvz.sk\/?attachment_id=371\" class=\"wp-image-371\" srcset=\"https:\/\/pvz.sk\/wp-content\/uploads\/2019\/02\/proma_b.jpg 512w, https:\/\/pvz.sk\/wp-content\/uploads\/2019\/02\/proma_b-300x225.jpg 300w, https:\/\/pvz.sk\/wp-content\/uploads\/2019\/02\/proma_b-410x308.jpg 410w, https:\/\/pvz.sk\/wp-content\/uploads\/2019\/02\/proma_b-100x75.jpg 100w, https:\/\/pvz.sk\/wp-content\/uploads\/2019\/02\/proma_b-275x206.jpg 275w\" sizes=\"auto, (max-width: 512px) 100vw, 512px\" \/><\/figure><\/li><\/ul><\/figure>\n\n\n\n<p>Spolo\u010dnos\u0165 zaoberaj\u00faca sa ve\u013ekoobchodom a maloobchodom so strojmi a n\u00e1rad\u00edm pre dom\u00e1cich kutilov \u010di stredn\u00e9 a v\u00e4\u010d\u0161ie firmy. Bola realizovan\u00e1 v\u00fdmena star\u00fdch fyzick\u00fdch serverov za nov\u00e9, migr\u00e1cia opera\u010dn\u00fdch syst\u00e9mov a samozrejme d\u00e1t spolo\u010dnosti. V druhej f\u00e1ze optimaliz\u00e1cie IT prostredia sa zapo\u010dalo s \u010diasto\u010dnou virtualiz\u00e1ciou niektor\u00fdch serverov. Rok 2011 bol v\u00fdznamn\u00fd vzh\u013eadom na fakt, \u017ee sa spolo\u010dnos\u0165 s\u0165ahovala do nov\u00fdch priestorov. Na novej lokalite bolo potrebn\u00e9 vybudova\u0165 kompletn\u00e9 serverov\u00e9 z\u00e1zemie, serverov\u0148u a kompletn\u00fa \u0161trukt\u00farovan\u00fa kabel\u00e1\u017e pre po\u010d\u00edta\u010de, perif\u00e9rne zariadenia a kamerov\u00fd syst\u00e9m.  <\/p>\n\n\n\n<hr class=\"wp-block-separator is-style-wide\"\/>\n\n\n\n<div class=\"wp-block-image\"><figure class=\"aligncenter\"><img loading=\"lazy\" decoding=\"async\" width=\"155\" height=\"97\" src=\"https:\/\/pvz.sk\/wp-content\/uploads\/2019\/02\/SMS.jpg\" alt=\"STAVBY MOSTOV SLOVAKIA\" class=\"wp-image-281\" srcset=\"https:\/\/pvz.sk\/wp-content\/uploads\/2019\/02\/SMS.jpg 155w, https:\/\/pvz.sk\/wp-content\/uploads\/2019\/02\/SMS-100x63.jpg 100w\" sizes=\"auto, (max-width: 155px) 100vw, 155px\" \/><\/figure><\/div>\n\n\n\n<figure class=\"wp-block-gallery columns-0 is-cropped alignright wp-block-gallery-3 is-layout-flex wp-block-gallery-is-layout-flex\"><ul class=\"blocks-gallery-grid\"><li class=\"blocks-gallery-item\"><figure><img loading=\"lazy\" decoding=\"async\" width=\"1024\" height=\"575\" src=\"https:\/\/pvz.sk\/wp-content\/uploads\/2019\/02\/sms_server-1024x575.jpg\" alt=\"\" data-id=\"398\" data-link=\"https:\/\/pvz.sk\/?attachment_id=398\" class=\"wp-image-398\" srcset=\"https:\/\/pvz.sk\/wp-content\/uploads\/2019\/02\/sms_server-1024x575.jpg 1024w, https:\/\/pvz.sk\/wp-content\/uploads\/2019\/02\/sms_server-300x169.jpg 300w, https:\/\/pvz.sk\/wp-content\/uploads\/2019\/02\/sms_server-768x431.jpg 768w, https:\/\/pvz.sk\/wp-content\/uploads\/2019\/02\/sms_server-700x393.jpg 700w, https:\/\/pvz.sk\/wp-content\/uploads\/2019\/02\/sms_server-410x230.jpg 410w, https:\/\/pvz.sk\/wp-content\/uploads\/2019\/02\/sms_server-100x56.jpg 100w, https:\/\/pvz.sk\/wp-content\/uploads\/2019\/02\/sms_server-275x154.jpg 275w\" sizes=\"auto, (max-width: 1024px) 100vw, 1024px\" \/><\/figure><\/li><li class=\"blocks-gallery-item\"><figure><img loading=\"lazy\" decoding=\"async\" width=\"675\" height=\"381\" src=\"https:\/\/pvz.sk\/wp-content\/uploads\/2019\/02\/sms_sidlo.jpg\" alt=\"\" data-id=\"399\" data-link=\"https:\/\/pvz.sk\/?attachment_id=399\" class=\"wp-image-399\" srcset=\"https:\/\/pvz.sk\/wp-content\/uploads\/2019\/02\/sms_sidlo.jpg 675w, https:\/\/pvz.sk\/wp-content\/uploads\/2019\/02\/sms_sidlo-300x169.jpg 300w, https:\/\/pvz.sk\/wp-content\/uploads\/2019\/02\/sms_sidlo-410x231.jpg 410w, https:\/\/pvz.sk\/wp-content\/uploads\/2019\/02\/sms_sidlo-100x56.jpg 100w, https:\/\/pvz.sk\/wp-content\/uploads\/2019\/02\/sms_sidlo-275x155.jpg 275w\" sizes=\"auto, (max-width: 675px) 100vw, 675px\" \/><\/figure><\/li><\/ul><\/figure>\n\n\n\n<p>V\u00fdznamn\u00e1 slovensk\u00e1 stavebn\u00e1 spolo\u010dnos\u0165 s medzin\u00e1rodn\u00fdm akcion\u00e1rskym vplyvom (\u010cR a Franc\u00fazsko). V spolo\u010dnosti sa v prvej f\u00e1ze menila serverov\u00e1 \u010das\u0165 siete &#8211; v\u00fdmena star\u00fdch fyzick\u00fdch serverov za virtualiza\u010dn\u00e9 rie\u0161enie na b\u00e1ze VMware. Nasledovala v\u00fdmena akt\u00edvnych prvkov siete &#8211; switche, firewally, wifi routre za zariadenia CISCO. Spolo\u010dnos\u0165 \u00faspe\u0161ne premigrovala e-mailov\u00e9 rie\u0161enie z Keria na Office365. Bol zapo\u010dat\u00fd projekt virtualiz\u00e1cie desktopov. Rok 2015 znamenal pre spolo\u010dnos\u0165 s\u0165ahovanie do nov\u00fdch priestorov. Bolo nutn\u00e9 zabezpe\u010di\u0165 vybudovanie serverovne, \u0161trukt\u00farovanej kabel\u00e1\u017ee, fyzick\u00e9 pres\u0165ahovanie a mnoho in\u00fdch podporn\u00fdch \u010dinnost\u00ed pre bezprobl\u00e9mov\u00fd chod firmy na novej lokalite z poh\u013eadu IT. <\/p>\n\n\n\n<hr class=\"wp-block-separator is-style-wide\"\/>\n\n\n\n<div class=\"wp-block-image\"><figure class=\"aligncenter\"><img loading=\"lazy\" decoding=\"async\" width=\"144\" height=\"40\" src=\"https:\/\/pvz.sk\/wp-content\/uploads\/2019\/02\/TESCO_white.jpg\" alt=\"TESCO\" class=\"wp-image-299\" srcset=\"https:\/\/pvz.sk\/wp-content\/uploads\/2019\/02\/TESCO_white.jpg 144w, https:\/\/pvz.sk\/wp-content\/uploads\/2019\/02\/TESCO_white-100x28.jpg 100w\" sizes=\"auto, (max-width: 144px) 100vw, 144px\" \/><\/figure><\/div>\n\n\n\n<figure class=\"wp-block-gallery columns-4 is-cropped alignright wp-block-gallery-4 is-layout-flex wp-block-gallery-is-layout-flex\"><ul class=\"blocks-gallery-grid\"><li class=\"blocks-gallery-item\"><figure><img loading=\"lazy\" decoding=\"async\" width=\"516\" height=\"387\" src=\"https:\/\/pvz.sk\/wp-content\/uploads\/2019\/02\/tesco_a.jpg\" alt=\"\" data-id=\"359\" data-link=\"https:\/\/pvz.sk\/?attachment_id=359\" class=\"wp-image-359\" srcset=\"https:\/\/pvz.sk\/wp-content\/uploads\/2019\/02\/tesco_a.jpg 516w, https:\/\/pvz.sk\/wp-content\/uploads\/2019\/02\/tesco_a-300x225.jpg 300w, https:\/\/pvz.sk\/wp-content\/uploads\/2019\/02\/tesco_a-410x308.jpg 410w, https:\/\/pvz.sk\/wp-content\/uploads\/2019\/02\/tesco_a-100x75.jpg 100w, https:\/\/pvz.sk\/wp-content\/uploads\/2019\/02\/tesco_a-275x206.jpg 275w\" sizes=\"auto, (max-width: 516px) 100vw, 516px\" \/><\/figure><\/li><li class=\"blocks-gallery-item\"><figure><img loading=\"lazy\" decoding=\"async\" width=\"387\" height=\"516\" src=\"https:\/\/pvz.sk\/wp-content\/uploads\/2019\/02\/tesco_c.jpg\" alt=\"\" data-id=\"361\" data-link=\"https:\/\/pvz.sk\/?attachment_id=361\" class=\"wp-image-361\" srcset=\"https:\/\/pvz.sk\/wp-content\/uploads\/2019\/02\/tesco_c.jpg 387w, https:\/\/pvz.sk\/wp-content\/uploads\/2019\/02\/tesco_c-225x300.jpg 225w, https:\/\/pvz.sk\/wp-content\/uploads\/2019\/02\/tesco_c-100x133.jpg 100w, https:\/\/pvz.sk\/wp-content\/uploads\/2019\/02\/tesco_c-275x367.jpg 275w\" sizes=\"auto, (max-width: 387px) 100vw, 387px\" \/><\/figure><\/li><li class=\"blocks-gallery-item\"><figure><img loading=\"lazy\" decoding=\"async\" width=\"387\" height=\"516\" src=\"https:\/\/pvz.sk\/wp-content\/uploads\/2019\/02\/tesco_b.jpg\" alt=\"\" data-id=\"360\" data-link=\"https:\/\/pvz.sk\/?attachment_id=360\" class=\"wp-image-360\" srcset=\"https:\/\/pvz.sk\/wp-content\/uploads\/2019\/02\/tesco_b.jpg 387w, https:\/\/pvz.sk\/wp-content\/uploads\/2019\/02\/tesco_b-225x300.jpg 225w, https:\/\/pvz.sk\/wp-content\/uploads\/2019\/02\/tesco_b-100x133.jpg 100w, https:\/\/pvz.sk\/wp-content\/uploads\/2019\/02\/tesco_b-275x367.jpg 275w\" sizes=\"auto, (max-width: 387px) 100vw, 387px\" \/><\/figure><\/li><li class=\"blocks-gallery-item\"><figure><img loading=\"lazy\" decoding=\"async\" width=\"387\" height=\"516\" src=\"https:\/\/pvz.sk\/wp-content\/uploads\/2019\/02\/tesco_e.jpg\" alt=\"\" data-id=\"363\" data-link=\"https:\/\/pvz.sk\/?attachment_id=363\" class=\"wp-image-363\" srcset=\"https:\/\/pvz.sk\/wp-content\/uploads\/2019\/02\/tesco_e.jpg 387w, https:\/\/pvz.sk\/wp-content\/uploads\/2019\/02\/tesco_e-225x300.jpg 225w, https:\/\/pvz.sk\/wp-content\/uploads\/2019\/02\/tesco_e-100x133.jpg 100w, https:\/\/pvz.sk\/wp-content\/uploads\/2019\/02\/tesco_e-275x367.jpg 275w\" sizes=\"auto, (max-width: 387px) 100vw, 387px\" \/><\/figure><\/li><li class=\"blocks-gallery-item\"><figure><img loading=\"lazy\" decoding=\"async\" width=\"387\" height=\"516\" src=\"https:\/\/pvz.sk\/wp-content\/uploads\/2019\/02\/tesco_d.jpg\" alt=\"\" data-id=\"362\" data-link=\"https:\/\/pvz.sk\/?attachment_id=362\" class=\"wp-image-362\" srcset=\"https:\/\/pvz.sk\/wp-content\/uploads\/2019\/02\/tesco_d.jpg 387w, https:\/\/pvz.sk\/wp-content\/uploads\/2019\/02\/tesco_d-225x300.jpg 225w, https:\/\/pvz.sk\/wp-content\/uploads\/2019\/02\/tesco_d-100x133.jpg 100w, https:\/\/pvz.sk\/wp-content\/uploads\/2019\/02\/tesco_d-275x367.jpg 275w\" sizes=\"auto, (max-width: 387px) 100vw, 387px\" \/><\/figure><\/li><li class=\"blocks-gallery-item\"><figure><img loading=\"lazy\" decoding=\"async\" width=\"387\" height=\"516\" src=\"https:\/\/pvz.sk\/wp-content\/uploads\/2019\/02\/tesco_g.jpg\" alt=\"\" data-id=\"365\" data-link=\"https:\/\/pvz.sk\/?attachment_id=365\" class=\"wp-image-365\" srcset=\"https:\/\/pvz.sk\/wp-content\/uploads\/2019\/02\/tesco_g.jpg 387w, https:\/\/pvz.sk\/wp-content\/uploads\/2019\/02\/tesco_g-225x300.jpg 225w, https:\/\/pvz.sk\/wp-content\/uploads\/2019\/02\/tesco_g-100x133.jpg 100w, https:\/\/pvz.sk\/wp-content\/uploads\/2019\/02\/tesco_g-275x367.jpg 275w\" sizes=\"auto, (max-width: 387px) 100vw, 387px\" \/><\/figure><\/li><li class=\"blocks-gallery-item\"><figure><img loading=\"lazy\" decoding=\"async\" width=\"387\" height=\"516\" src=\"https:\/\/pvz.sk\/wp-content\/uploads\/2019\/02\/tesco_f.jpg\" alt=\"\" data-id=\"364\" data-link=\"https:\/\/pvz.sk\/?attachment_id=364\" class=\"wp-image-364\" srcset=\"https:\/\/pvz.sk\/wp-content\/uploads\/2019\/02\/tesco_f.jpg 387w, https:\/\/pvz.sk\/wp-content\/uploads\/2019\/02\/tesco_f-225x300.jpg 225w, https:\/\/pvz.sk\/wp-content\/uploads\/2019\/02\/tesco_f-100x133.jpg 100w, https:\/\/pvz.sk\/wp-content\/uploads\/2019\/02\/tesco_f-275x367.jpg 275w\" sizes=\"auto, (max-width: 387px) 100vw, 387px\" \/><\/figure><\/li><\/ul><\/figure>\n\n\n\n<p>Pre jeden z najv\u00e4\u010d\u0161\u00edch hypermarketov na Slovensku boli vykon\u00e1van\u00e9 pravideln\u00e9 servisn\u00e9 prehliadky \u010dasti ich IT siete, spravidla sa jednalo o bezdr\u00f4tov\u00e9 routery a pr\u00edstupov\u00e9 body. Boli vykon\u00e1van\u00e9 opravy a optimaliz\u00e1cie (tzv. refity) \u0161trukt\u00farovanej kabel\u00e1\u017ee po celom Slovensku. Boli vykon\u00e1van\u00e9 merania kvality bezdr\u00f4tov\u00e9ho sign\u00e1lu na predajn\u00fdch ploch\u00e1ch a v z\u00e1zem\u00ed. V pr\u00edpade potreby do\u0161lo k &#8222;preusporiadaniu&#8220; alebo v\u00fdmene akt\u00edvnych sie\u0165ov\u00fdch prvkov tak, aby sa dosiahla vy\u0161\u0161ia kvalita wifi sign\u00e1lu. Pri novootvoren\u00fdch prev\u00e1dzkach bol samozrejmos\u0165ou kompletn\u00fd servis od projektovania wifi siete nasledovan\u00e9ho realiz\u00e1ciou a ukon\u010den\u00e9ho z\u00e1vere\u010dn\u00fdmi testami funk\u010dnosti.<\/p>\n\n\n\n<hr class=\"wp-block-separator is-style-wide\"\/>\n\n\n\n<div class=\"wp-block-image\"><figure class=\"aligncenter\"><img loading=\"lazy\" decoding=\"async\" width=\"73\" height=\"46\" src=\"https:\/\/pvz.sk\/wp-content\/uploads\/2019\/02\/Loomis.jpg\" alt=\"Loomis\" class=\"wp-image-278\"\/><\/figure><\/div>\n\n\n\n<figure class=\"wp-block-gallery columns-1 is-cropped alignright wp-block-gallery-5 is-layout-flex wp-block-gallery-is-layout-flex\"><ul class=\"blocks-gallery-grid\"><li class=\"blocks-gallery-item\"><figure><img loading=\"lazy\" decoding=\"async\" width=\"516\" height=\"290\" src=\"https:\/\/pvz.sk\/wp-content\/uploads\/2019\/05\/loomis_1.jpg\" alt=\"\" data-id=\"690\" data-link=\"https:\/\/pvz.sk\/?attachment_id=690\" class=\"wp-image-690\" srcset=\"https:\/\/pvz.sk\/wp-content\/uploads\/2019\/05\/loomis_1.jpg 516w, https:\/\/pvz.sk\/wp-content\/uploads\/2019\/05\/loomis_1-300x169.jpg 300w, https:\/\/pvz.sk\/wp-content\/uploads\/2019\/05\/loomis_1-410x230.jpg 410w, https:\/\/pvz.sk\/wp-content\/uploads\/2019\/05\/loomis_1-100x56.jpg 100w, https:\/\/pvz.sk\/wp-content\/uploads\/2019\/05\/loomis_1-275x155.jpg 275w\" sizes=\"auto, (max-width: 516px) 100vw, 516px\" \/><\/figure><\/li><\/ul><\/figure>\n\n\n\n<p class=\"has-text-align-left\">Pre spolo\u010dnos\u0165 ktor\u00e1 je \u0161pecialistom na prepravu hotovosti \u010di cen\u00edn a tie\u017e na riadenie obehu finan\u010dnej hotovosti v spolo\u010dnosti boli vykon\u00e1van\u00e9 kompletn\u00e9 IT slu\u017eby po\u010dn\u00fac starostlivos\u0165ou o servery, akt\u00edvne \u010di pas\u00edvne sie\u0165ov\u00e9 prvky kon\u010diac starostlivos\u0165ou o koncov\u00e9 stanice (PC, notebooky) a perif\u00e9rne zariadenia. Bola vymenen\u00e1 podstatn\u00e1 \u010das\u0165 hardv\u00e9ru spolo\u010dnosti za najnov\u0161ie, technologicky najvyspelej\u0161ie zariadenia zna\u010diek ako CISCO \u010di Lenovo. S\u00fa\u010das\u0165ou kontraktu bol aj 24\/7 support a helpdesk pou\u017e\u00edvate\u013eov v po\u010dte cca 120 pracovn\u00edkov.<\/p>\n\n\n\n<p> <\/p>\n","protected":false},"excerpt":{"rendered":"<p>Pre klienta zaoberaj\u00facim sa predajom elektroniky bola realizovan\u00e1 kompletn\u00e1 IT vybavenos\u0165 maloobchodnej predajne (dod\u00e1vka PC, tla\u010diarn\u00ed, kamerov\u00e9ho syst\u00e9mu), vr\u00e1tane \u0161trukt\u00farovanej kabel\u00e1\u017ee, zabezpe\u010denia internetov\u00e9ho pripojenia a vybudovanie wifi siete pre z\u00e1kazn\u00edkov. Samozrejmos\u0165ou bol n\u00e1sledn\u00fd servis IT vybavenia. Spolo\u010dnos\u0165 zaoberaj\u00faca sa ve\u013ekoobchodom a maloobchodom so strojmi a n\u00e1rad\u00edm pre dom\u00e1cich kutilov \u010di stredn\u00e9 a v\u00e4\u010d\u0161ie firmy. Bola [&hellip;]<\/p>\n","protected":false},"author":1,"featured_media":0,"parent":0,"menu_order":0,"comment_status":"closed","ping_status":"closed","template":"","meta":{"_monsterinsights_skip_tracking":false,"_monsterinsights_sitenote_active":false,"_monsterinsights_sitenote_note":"","_monsterinsights_sitenote_category":0,"footnotes":""},"class_list":["post-181","page","type-page","status-publish","hentry"],"_links":{"self":[{"href":"https:\/\/pvz.sk\/index.php?rest_route=\/wp\/v2\/pages\/181","targetHints":{"allow":["GET"]}}],"collection":[{"href":"https:\/\/pvz.sk\/index.php?rest_route=\/wp\/v2\/pages"}],"about":[{"href":"https:\/\/pvz.sk\/index.php?rest_route=\/wp\/v2\/types\/page"}],"author":[{"embeddable":true,"href":"https:\/\/pvz.sk\/index.php?rest_route=\/wp\/v2\/users\/1"}],"replies":[{"embeddable":true,"href":"https:\/\/pvz.sk\/index.php?rest_route=%2Fwp%2Fv2%2Fcomments&post=181"}],"version-history":[{"count":7,"href":"https:\/\/pvz.sk\/index.php?rest_route=\/wp\/v2\/pages\/181\/revisions"}],"predecessor-version":[{"id":842,"href":"https:\/\/pvz.sk\/index.php?rest_route=\/wp\/v2\/pages\/181\/revisions\/842"}],"wp:attachment":[{"href":"https:\/\/pvz.sk\/index.php?rest_route=%2Fwp%2Fv2%2Fmedia&parent=181"}],"curies":[{"name":"wp","href":"https:\/\/api.w.org\/{rel}","templated":true}]}}