{"id":2,"date":"2018-04-13T13:15:37","date_gmt":"2018-04-13T11:15:37","guid":{"rendered":"http:\/\/pvz.sk\/?page_id=2"},"modified":"2024-07-01T12:24:13","modified_gmt":"2024-07-01T10:24:13","slug":"ukazka-strany","status":"publish","type":"page","link":"https:\/\/pvz.sk\/","title":{"rendered":"O mne"},"content":{"rendered":"<p>Od roku 2005 pracujem v IT sf\u00e9re &#8211; preva\u017ene spr\u00e1va serverov, koncov\u00fdch stan\u00edc, tj. po\u010d\u00edta\u010de a notebooky a lok\u00e1lnych PC siet\u00ed.<\/p>\n<p>V\u010faka takmer 20 ro\u010dn\u00fdm pracovn\u00fdm sk\u00fasenostiam viem pon\u00faknu\u0165 konzulta\u010dn\u00e9 slu\u017eby pre \u0161irok\u00e9 spektrum IT oblast\u00ed &#8211; po\u010dn\u00fac servermi, sie\u0165ami, po\u010d\u00edta\u010dmi, notebookmi kon\u010diac perif\u00e9rnymi zariadeniami.<\/p>\n<p>V pr\u00edpade, \u017ee m\u00e1te probl\u00e9m s IT a neviete si rady, nev\u00e1hajte ma <a href=\"https:\/\/pvz.sk\/?page_id=449\">kontaktova\u0165<\/a><\/p>\n<p>Ke\u010f\u017ee viem, \u017ee\u00a0po\u010d\u00edta\u010de a IT v\u0161eobecne vedia poriadne potr\u00e1pi\u0165, moje motto znie:<\/p>\n<blockquote>\n<p>Jedin\u00e1 mo\u017enos\u0165 ako objavi\u0165 hranice mo\u017en\u00e9ho je vysk\u00fa\u0161a\u0165 nemo\u017en\u00e9&#8230;<\/p>\n<\/blockquote>\n\n\n<figure class=\"wp-block-image\"><img loading=\"lazy\" decoding=\"async\" width=\"1024\" height=\"682\" src=\"https:\/\/pvz.sk\/wp-content\/uploads\/2018\/04\/slide2-1-1024x682.jpg\" alt=\"\" class=\"wp-image-18\" srcset=\"https:\/\/pvz.sk\/wp-content\/uploads\/2018\/04\/slide2-1-1024x682.jpg 1024w, https:\/\/pvz.sk\/wp-content\/uploads\/2018\/04\/slide2-1-300x200.jpg 300w, https:\/\/pvz.sk\/wp-content\/uploads\/2018\/04\/slide2-1-768x512.jpg 768w, https:\/\/pvz.sk\/wp-content\/uploads\/2018\/04\/slide2-1.jpg 1732w\" sizes=\"auto, (max-width: 1024px) 100vw, 1024px\" \/><\/figure>\n","protected":false},"excerpt":{"rendered":"<p>Od roku 2005 pracujem v IT sf\u00e9re &#8211; preva\u017ene spr\u00e1va serverov, koncov\u00fdch stan\u00edc, tj. po\u010d\u00edta\u010de a notebooky a lok\u00e1lnych PC siet\u00ed. V\u010faka takmer 20 ro\u010dn\u00fdm pracovn\u00fdm sk\u00fasenostiam viem pon\u00faknu\u0165 konzulta\u010dn\u00e9 slu\u017eby pre \u0161irok\u00e9 spektrum IT oblast\u00ed &#8211; po\u010dn\u00fac servermi, sie\u0165ami, po\u010d\u00edta\u010dmi, notebookmi kon\u010diac perif\u00e9rnymi zariadeniami. V pr\u00edpade, \u017ee m\u00e1te probl\u00e9m s IT a neviete si [&hellip;]<\/p>\n","protected":false},"author":1,"featured_media":0,"parent":0,"menu_order":0,"comment_status":"closed","ping_status":"open","template":"","meta":{"_monsterinsights_skip_tracking":false,"_monsterinsights_sitenote_active":false,"_monsterinsights_sitenote_note":"","_monsterinsights_sitenote_category":0,"footnotes":""},"class_list":["post-2","page","type-page","status-publish","hentry"],"_links":{"self":[{"href":"https:\/\/pvz.sk\/index.php?rest_route=\/wp\/v2\/pages\/2","targetHints":{"allow":["GET"]}}],"collection":[{"href":"https:\/\/pvz.sk\/index.php?rest_route=\/wp\/v2\/pages"}],"about":[{"href":"https:\/\/pvz.sk\/index.php?rest_route=\/wp\/v2\/types\/page"}],"author":[{"embeddable":true,"href":"https:\/\/pvz.sk\/index.php?rest_route=\/wp\/v2\/users\/1"}],"replies":[{"embeddable":true,"href":"https:\/\/pvz.sk\/index.php?rest_route=%2Fwp%2Fv2%2Fcomments&post=2"}],"version-history":[{"count":6,"href":"https:\/\/pvz.sk\/index.php?rest_route=\/wp\/v2\/pages\/2\/revisions"}],"predecessor-version":[{"id":6432,"href":"https:\/\/pvz.sk\/index.php?rest_route=\/wp\/v2\/pages\/2\/revisions\/6432"}],"wp:attachment":[{"href":"https:\/\/pvz.sk\/index.php?rest_route=%2Fwp%2Fv2%2Fmedia&parent=2"}],"curies":[{"name":"wp","href":"https:\/\/api.w.org\/{rel}","templated":true}]}}