{"id":3915,"date":"2021-04-25T11:52:19","date_gmt":"2021-04-25T09:52:19","guid":{"rendered":"https:\/\/pvz.sk\/?page_id=3915"},"modified":"2021-05-10T20:02:27","modified_gmt":"2021-05-10T18:02:27","slug":"anydesk","status":"publish","type":"page","link":"https:\/\/pvz.sk\/?page_id=3915","title":{"rendered":"AnyDesk"},"content":{"rendered":"\n<div class=\"wp-block-image\"><figure class=\"aligncenter size-large\"><img loading=\"lazy\" decoding=\"async\" width=\"144\" height=\"27\" src=\"https:\/\/pvz.sk\/wp-content\/uploads\/2021\/05\/logo-anydesk.png\" alt=\"AnyDesk\" class=\"wp-image-4061\" srcset=\"https:\/\/pvz.sk\/wp-content\/uploads\/2021\/05\/logo-anydesk.png 144w, https:\/\/pvz.sk\/wp-content\/uploads\/2021\/05\/logo-anydesk-100x19.png 100w\" sizes=\"auto, (max-width: 144px) 100vw, 144px\" \/><\/figure><\/div>\n\n\n\n<p class=\"has-text-align-center\">Ak potrebujete pomoc, stiahnite si aplik\u00e1ciu po ktorej spusten\u00ed V\u00e1m bude vygenerovan\u00fd unik\u00e1tny ID k\u00f3d pomocou ktor\u00e9ho je mo\u017en\u00e9 sa pripoji\u0165 vzdialene na Va\u0161e zariadenie.<\/p>\n\n\n\n<div style=\"height:35px\" aria-hidden=\"true\" class=\"wp-block-spacer\"><\/div>\n\n\n\n<div class=\"wp-block-buttons is-content-justification-center is-layout-flex wp-block-buttons-is-layout-flex\">\n<div class=\"wp-block-button is-style-outline is-style-outline--1\"><a class=\"wp-block-button__link has-white-color has-luminous-vivid-amber-background-color has-text-color has-background\" href=\"https:\/\/download.anydesk.com\/AnyDesk.exe?_ga=2.108368514.1452521725.1619343762-279851407.1619343762\">Stiahnite si AnyDesk<\/a><\/div>\n<\/div>\n","protected":false},"excerpt":{"rendered":"<p>Ak potrebujete pomoc, stiahnite si aplik\u00e1ciu po ktorej spusten\u00ed V\u00e1m bude vygenerovan\u00fd unik\u00e1tny ID k\u00f3d pomocou ktor\u00e9ho je mo\u017en\u00e9 sa pripoji\u0165 vzdialene na Va\u0161e zariadenie.<\/p>\n","protected":false},"author":1,"featured_media":0,"parent":0,"menu_order":0,"comment_status":"closed","ping_status":"closed","template":"","meta":{"_monsterinsights_skip_tracking":false,"_monsterinsights_sitenote_active":false,"_monsterinsights_sitenote_note":"","_monsterinsights_sitenote_category":0,"footnotes":""},"class_list":["post-3915","page","type-page","status-publish","hentry"],"_links":{"self":[{"href":"https:\/\/pvz.sk\/index.php?rest_route=\/wp\/v2\/pages\/3915","targetHints":{"allow":["GET"]}}],"collection":[{"href":"https:\/\/pvz.sk\/index.php?rest_route=\/wp\/v2\/pages"}],"about":[{"href":"https:\/\/pvz.sk\/index.php?rest_route=\/wp\/v2\/types\/page"}],"author":[{"embeddable":true,"href":"https:\/\/pvz.sk\/index.php?rest_route=\/wp\/v2\/users\/1"}],"replies":[{"embeddable":true,"href":"https:\/\/pvz.sk\/index.php?rest_route=%2Fwp%2Fv2%2Fcomments&post=3915"}],"version-history":[{"count":6,"href":"https:\/\/pvz.sk\/index.php?rest_route=\/wp\/v2\/pages\/3915\/revisions"}],"predecessor-version":[{"id":4071,"href":"https:\/\/pvz.sk\/index.php?rest_route=\/wp\/v2\/pages\/3915\/revisions\/4071"}],"wp:attachment":[{"href":"https:\/\/pvz.sk\/index.php?rest_route=%2Fwp%2Fv2%2Fmedia&parent=3915"}],"curies":[{"name":"wp","href":"https:\/\/api.w.org\/{rel}","templated":true}]}}